120199
List the prime factors of 41406550.
2, 5, 828131
What are the prime factors of 79692?
2, 3, 29, 229
What are the prime factors of 25704698?
2, 71, 181019
List the prime factors of 2501426.
2, 19, 65827
What are the prime factors of 6961984?
2, 181, 601
What are the prime factors of 65194?
2, 37, 881
List the prime factors of 33519648.
2, 3, 17, 19, 23, 47
List the prime factors of 258264.
2, 3, 17, 211
What are the prime factors of 1807779?
3, 602593
What are the prime factors of 4631032?
2, 7, 41, 2017
What are the prime factors of 186910?
2, 5, 18691
What are the prime factors of 456453?
3, 41, 1237
List the prime factors of 291846.
2, 3, 127, 383
What are the prime factors of 1091376?
2, 3, 11, 13, 53
What are the prime factors of 267729?
3, 7, 11, 19, 61
List the prime factors of 27118864.
2, 1694929
What are the prime factors of 388300?
2, 5, 11, 353
List the prime factors of 70405.
5, 14081
What are the prime factors of 19636628?
2, 11, 67, 6661
List the prime factors of 143059.
7, 107, 191
List the prime factors of 1400557.
1400557
What are the prime factors of 4441409?
7, 90641
What are the prime factors of 90908?
2, 22727
List the prime factors of 15333595.
5, 941, 3259
What are the prime factors of 66991?
31, 2161
What are the prime factors of 4364053?
17, 19, 59, 229
List the prime factors of 65680.
2, 5, 821
List the prime factors of 1454119.
1454119
What are the prime factors of 752331?
3, 250777
List the prime factors of 85734.
2, 3, 11, 433
List the prime factors of 89337.
3, 97, 307
List the prime factors of 6375432.
2, 3, 7, 137, 277
What are the prime factors of 4328335?
5, 11, 78697
List the prime factors of 16931.
16931
List the prime factors of 534178.
2, 89, 3001
List the prime factors of 6806906.
2, 3403453
What are the prime factors of 651293?
651293
What are the prime factors of 2390730?
2, 3, 5, 79691
List the prime factors of 2184764.
2, 317, 1723
What are the prime factors of 3504186?
2, 3, 7, 29, 137
List the prime factors of 764466.
2, 3, 103, 1237
What are the prime factors of 7943316?
2, 3, 31, 131, 163
List the prime factors of 704889.
3, 26107
List the prime factors of 179706.
2, 3, 61, 491
What are the prime factors of 429528?
2, 3, 11, 1627
What are the prime factors of 9309656?
2, 317, 3671
What are the prime factors of 14792925?
3, 5, 7, 19, 1483
List the prime factors of 12206.
2, 17, 359
What are the prime factors of 149022?
2, 3, 17, 487
What are the prime factors of 25898056?
2, 3237257
What are the prime factors of 195084?
2, 3, 5419
List the prime factors of 970604.
2, 167, 1453
List the prime factors of 1179559.
47, 25097
List the prime factors of 3239220.
2, 3, 5, 53987
What are the prime factors of 4157901?
3, 11, 41999
What are the prime factors of 86770?
2, 5, 8677
List the prime factors of 10161628.
2, 2540407
List the prime factors of 26007866.
2, 1693, 7681
What are the prime factors of 832927?
832927
What are the prime factors of 739349?
13, 56873
What are the prime factors of 444395?
5, 7, 12697
What are the prime factors of 322709?
322709
What are the prime factors of 2207?
2207
What are the prime factors of 10561697?
10561697
What are the prime factors of 11433408?
2, 3, 7, 47, 181
List the prime factors of 1252177.
1252177
List the prime factors of 479156.
2, 103, 1163
What are the prime factors of 455703?
3, 151901
What are the prime factors of 453708?
2, 3, 4201
List the prime factors of 41259318.
2, 3, 571, 12043
List the prime factors of 711422.
2, 59, 6029
List the prime factors of 392774.
2, 196387
What are the prime factors of 1316579?
11, 119689
List the prime factors of 7898142.
2, 3, 7, 173, 1087
List the prime factors of 113834.
2, 7, 47, 173
List the prime factors of 6649431.
3, 17, 241, 541
List the prime factors of 7306.
2, 13, 281
What are the prime factors of 592563?
3, 197521
List the prime factors of 322433.
322433
List the prime factors of 7179448.
2, 337, 2663
What are the prime factors of 858054?
2, 3, 83, 1723
What are the prime factors of 1015607?
19, 53453
What are the prime factors of 896939?
137, 6547
List the prime factors of 3484974.
2, 3, 181, 3209
List the prime factors of 21853337.
11, 1097, 1811
List the prime factors of 222088.
2, 17, 23, 71
List the prime factors of 7679978.
2, 211, 18199
List the prime factors of 281470.
2, 5, 7, 4021
List the prime factors of 146031.
3, 48677
List the prime factors of 511003.
17, 30059
What are the prime factors of 6420080?
2, 5, 80251
List the prime factors of 526574.
2, 263287
What are the prime factors of 7260537?
3, 2420179
List the prime factors of 130989.
3, 47, 929
What are the prime factors of 184820?
2, 5, 9241
What are the prime factors of 13564872?
2, 3, 188401
What are the prime factors of 10225?
5, 409
List the prime factors of 54582.
2, 3, 11, 827
What are the prime factors of 13338409?
7, 317, 6011
What are the prime factors of 4817785?
5, 7, 179, 769
What are the prime factors of 2235132?
2, 3, 47, 1321
List the prime factors of 287467.
157, 1831
What are the prime factors of 9366975?
3, 5, 13877
What are the prime factors of 36014589?
3, 13, 307817
List the prime factors of 1244262.
2, 3, 207377
What are the prime factors of 420679?
7, 19, 3163
List the prime factors of 3314510.
2, 5, 331451
List the prime factors of 1376673.
3, 458891
List the prime factors of 3407581.
173, 19697
List the prime factors of 3427275.
3, 5, 45697
List the prime factors of 480615.
3, 5, 179
What are the prime factors of 2110647?
3, 7, 11, 9137
List the prime factors of 8101483.
13, 37, 16843
List the prime factors of 16994861.
13, 23, 113, 503
What are the prime factors of 351128?
2, 43891
List the prime factors of 641738.
2, 47, 6827
What are the prime factors of 5449822?
2, 7, 389273
List the prime factors of 3119126.
2, 17, 199, 461
List the prime factors of 363768.
2, 3, 23, 659
What are the prime factors of 7045893?
3, 260959
List the prime factors of 995021.
281, 3541
What are the prime factors of 142830?
2, 3, 5, 23
What are the prime factors of 147994?
2, 7, 11, 31
What are the prime factors of 673189?
11, 19, 3221
List the prime factors of 1854730.
2, 5, 31, 193
What are the prime factors of 6337882?
2, 3168941
What are the prime factors of 1899081?
3, 79, 2671
List the prime factors of 1214836.
2, 7, 43, 1009
What are the prime factors of 11680765?
5, 29, 80557
What are the prime factors of 51435?
3, 5, 127
What are the prime factors of 156241?
156241
List the prime factors of 2010788.
2, 13, 38669
What are the prime factors of 169018?
2, 84509
What are the prime factors of 3770800?
2, 5, 11, 857
What are the prime factors of 10003317?
3, 593, 5623
What are the prime factors of 3896809?
7, 556687
List the prime factors of 10552228.
2, 2638057
What are the prime factors of 9273165?
3, 5, 11, 43, 1307
What are the prime factors of 390526?
2, 19, 43, 239
List the prime factors of 1739135.
5, 43, 8089
List the prime factors of 152212.
2, 38053
List the prime factors of 3387427.
1447, 2341
List the prime factors of 106869.
3, 7, 727
List the prime factors of 1943641.
7, 277663
What are the prime factors of 237658?
2, 331, 359
List the prime factors of 2579403.
3, 859801
What are the prime factors of 3415172?
2, 853793
List the prime factors of 63594.
2, 3, 3533
List the prime factors of 253096.
2, 17, 1861
What are the prime factors of 3578261?
3578261
What are the prime factors of 10189?
23, 443
What are the prime factors of 2260210?
2, 5, 23, 31, 317
List the prime factors of 782731.
17, 41, 1123
What are the prime factors of 632334?
2, 3, 105389
List the prime factors of 5668970.
2, 5, 31, 18287
What are the prime factors of 7231272?
2, 3, 301303
What are the prime factors of 27144566?
2, 1291, 10513
List the prime factors of 710975.
5, 28439
List the prime factors of 10211729.
11, 103, 9013
List the prime factors of 16239.
3, 5413
List the prime factors of 1248485.
5, 7, 35671
What are the prime factors of 73344?
2, 3, 191
List the prime factors of 1602171.
3, 67, 2657
What are the prime factors of 311475?
3, 5, 4153
List the prime factors of 35557594.
2, 53, 335449
What are the prime factors of 566507?
37, 61, 251
What are the prime factors of 4524242?
2, 19, 67, 1777
List the prime factors of 14299.
